5. Let h = 17 - 24. Let y be w(h). Let o = 35 - y. What are the prime factors of o?
2, 3
What are the prime factors of -16 + 16 + (-1 - -21)?
2, 5
Suppose -86 = -3*b + b. What are the prime factors of b?
43
Let y = -10 - -39. List the prime factors of y.
29
Let s(p) = -p**2 - 18*p + 35. What are the prime factors of s(-16)?
67
Suppose -29 = -y + 2*u, 4*u = 4*y - 0*u - 100. List the prime factors of y.
3, 7
Suppose 0 = -4*m - 3*n - 25, 3*m + 5*n + 2 = -3. Let y(x) = -x**3 - 9*x**2 + 10*x + 6. What are the prime factors of y(m)?
2, 3
Let d = 3 - -1. Suppose -l = 3*l - d. What are the prime factors of l*(1 - 24/(-3))?
3
Let a(d) = -4*d**2 + 4*d**2 + 7*d + 2*d**2 - 7 - 3*d**2. Let j be a(5). Suppose 3*t = h + 53, -j*t + h + 58 = -h. What are the prime factors of t?
2
Let n = 9 + -7. Suppose 0 = -5*f + f + n*l + 70, -2*f - l = -33. List the prime factors of f.
17
Suppose 2*h - 30 = 4*w, 6*h + 4*w = 4*h + 14. What are the prime factors of h?
11
Suppose -u = -5*j + 11, -5*u + 4*u + 9 = 5*j. What are the prime factors of -5*(2/(-10) + u)?
2, 3
What are the prime factors of (-2 - -74 - (-2)/(-1)) + -1?
3, 23
Let d(w) = -w + 7. Let n be d(7). Let l = n + 20. List the prime factors of l.
2, 5
Let j = 3 - -1. Suppose -4*f + j*q = -28, 20 = -0*q - 5*q. Suppose 0 = 4*a + 2*s + f*s - 55, -3*s + 19 = a. List the prime factors of a.
2, 5
Let k be ((-1)/1 - 0)*-6. Suppose -3*f = k, 0*f - f + 7 = q. What are the prime factors of q?
3
Let d(q) = -q**3 - 8*q**2 - 4*q + 6. What are the prime factors of d(-8)?
2, 19
List the prime factors of 54 - 8 - (-2 - -6).
2, 3, 7
Let m be 4/(-5) + (-398)/(-10). Suppose -5*h - m = -4*q, -8 = -3*q - 4*h - 2. List the prime factors of q.
2, 3
Let v be 0 + (2*3 - -1). Let l be (-2 + 0)*6/(-4). Suppose l*o + 2 = 2*f, -3*f - o - v = -32. What are the prime factors of f?
7
Suppose -x + 5*x + 5*r = 333, -r + 390 = 5*x. What are the prime factors of x?
7, 11
Let z(v) = v**2 - 2*v - 5. Let h be z(0). Let a = h - -38. List the prime factors of a.
3, 11
Let k = 5 + -3. Suppose 2*h - 3*h = k*x - 13, 4*x + 2 = 2*h. What are the prime factors of h?
7
Let o = -6 + 4. Let p be o/(-3)*(0 + 3). What are the prime factors of 8/2 - p - -8?
2, 5
Suppose 8*h - 3*h = 4*q - 16, -2*q + 18 = -5*h. List the prime factors of (h/(-2))/((-6)/(-24)).
2
Suppose 3*f = 2*f - 11. Let q = f + 8. List the prime factors of 2/q - (-32)/3.
2, 5
Suppose -113 = -k - 42. What are the prime factors of k?
71
Suppose 5*s - 548 = u + 2*u, 116 = s + u. What are the prime factors of s?
2, 7
Let z = 36 + -32. What are the prime factors of z?
2
Suppose m = -7 + 29. List the prime factors of m.
2, 11
Let p = -92 + 63. Let v = 20 + p. List the prime factors of (v/(-3) - -2)*1.
5
Let v(b) = -b**3 + 8*b**2 - 7*b. Suppose 5*h - 44 = -4*z - 5, 3*z + 2*h - 24 = 0. List the prime factors of v(z).
2, 3, 5
Suppose 5*a - 4*a - 244 = 4*h, -5*h + a - 305 = 0. Let t = h + 89. List the prime factors of t.
2, 7
Suppose 66 = 5*h - 9. Let o be (2*5)/(1 + 0). Suppose o*q - h = 5*q. List the prime factors of q.
3
Suppose -3*c + f + 344 = 0, -c - 5*f = c - 235. What are the prime factors of c?
5, 23
Suppose 7*y - 4*y - 102 = 0. List the prime factors of y.
2, 17
Suppose -5*p - t = -23, 3*p + 1 = -5*t + 6. Let v = p - 2. Suppose -v*r = -2*r - 8. List the prime factors of r.
2
Let j(b) = -8*b**2 + 6*b - 6 + b**3 + 3*b**2 - b. Let d be j(4). Let u = 10 - d. What are the prime factors of u?
2, 3
List the prime factors of -2 + 7/3 - (-2876)/12.
2, 3, 5
Suppose 3*k = p - 58, -4*p - 5*k - 31 + 280 = 0. List the prime factors of p.
61
Let m be (4/(-8))/(1/(-14)). Let f = m + -5. Suppose 19 = 4*h - c, -2*h + 0*c + 2*c = -f. What are the prime factors of h?
2, 3
Let t = 9 + -2. Suppose 0 = -t*c + 2*c + 20. What are the prime factors of c?
2
Suppose -v = 2*x - 4, 4*x = 2*v - 5*v + 12. Suppose 0*m + 12 = v*m. List the prime factors of m.
3
Suppose 4*d - 41 - 67 = 0. Suppose -2*z + d = z. List the prime factors of z.
3
Suppose -3*w + 1 = -5. Suppose t - 5 = 5*f + 39, 2*t = -w*f + 64. Suppose -3*b - 10 + t = 0. What are the prime factors of b?
2
Let k(u) = u**3 - 4*u**2 + 5. Let f be -9 + -1 - (-27)/9. Let y = f - -11. What are the prime factors of k(y)?
5
Suppose 4 = 3*k - k. Suppose 4*s - k*v - 6 = 0, 5*v + 1 = -4. Let z = 2 + s. What are the prime factors of z?
3
Suppose k - 22 = 2*g, -g = 3*k + 2*g - 39. Suppose -2*i + 2*m = 4*m - k, -i - 3*m + 18 = 0. Suppose 0 = i*j - 6 - 0. What are the prime factors of j?
2
Let u(p) = -11*p - 2. Let v be u(-1). Let h(i) = i**3 - 8*i**2 - 8*i - 6. List the prime factors of h(v).
3
Let a(t) = -t**3 + 11*t**2 + 3*t + 7. List the prime factors of a(11).
2, 5
Suppose -3*b + 2*l + 10 = 0, -3*b + 5*l + 3 = -b. Suppose -3*a + 20 = -b. List the prime factors of a.
2
List the prime factors of (6 + -1)*(-278)/(-10).
139
Suppose 161*j = 166*j - 185. What are the prime factors of j?
37
Suppose -2*g + 40 = 6*g. List the prime factors of g.
5
Let r = 37 - 1. List the prime factors of r.
2, 3
Suppose 315 = -5*u - 2*x, -4*u = -2*u + 5*x + 105. List the prime factors of 6/(-21) + u/(-7).
3
Let a(j) = -j**3 + 8*j**2 + j - 6. Let f be a(8). Suppose f*d - 2*h = 10, 6*d - 2*d = 2*h + 14. What are the prime factors of d?
2
Suppose 73 = 2*j - 17. List the prime factors of j.
3, 5
Let l be ((-6)/(-9))/(1/3). Suppose z - 5*m = l*z - 32, -z = -4*m + 4. Suppose 2*v + 2*v - z = 0. List the prime factors of v.
3
Let h(p) = -p**2 + 7*p. Let w be h(6). Let x(c) = 2*c - 1 - 1 + 2 - 2. What are the prime factors of x(w)?
2, 5
Let c(n) = n**2 - 3*n. Let j(b) = b**3 + 7*b**2 + 5*b + 2. Let a be j(-6). Let y = 13 - a. List the prime factors of c(y).
2, 5
Suppose -4*b + 10 = -2*b. Suppose -2*x - 5*d = b, -4*x - 2*d - 1 = -d. Suppose x*i + 16 = 2*i. What are the prime factors of i?
2
Let n be (3 - 2)*29 + -1. Suppose 2*l + n = 6*l. What are the prime factors of l + (1 - (-3 + 3))?
2
Suppose 0*b = 4*b - 12. Suppose y = 2*d + 4 + 16, -72 = -b*y + 3*d. What are the prime factors of y?
2, 7
Let y = 1 + 0. Let u = -15 - -16. What are the prime factors of 2 + (u - y - -9)?
11
Let f = 3 - 2. Let u(w) = -w + 1. Let q be u(f). Suppose 5*d = -q*j + j + 110, 58 = 3*d + j. What are the prime factors of d?
3, 7
Let y(u) = u**2 + 11*u - 16. Let q be y(-13). Suppose 0 = -q*n + 5*n + 80. List the prime factors of n.
2
Suppose -3*h + 2*h - 6 = -l, 30 = 5*l + 5*h. Suppose -s + l = -0. List the prime factors of s.
2, 3
Let p(z) = z**3 - 8*z**2 - 7*z + 11. Let l be p(9). Let v = l - 8. List the prime factors of v.
3, 7
Let z be (-159)/2 + 9/18. Let p = -45 - z. List the prime factors of p.
2, 17
Let g(f) = -3*f - 1. Let i be g(-1). Suppose i*s - p = 65, -5*s - p - 127 = -9*s. What are the prime factors of s?
31
Let b(i) = -4*i**2 + i**3 - 3*i + 0*i + 6*i - 3. What are the prime factors of b(4)?
3
Let i(r) = r**2 + 11*r + 13. Suppose 5*y - 4*t + 65 = t, -y - 2*t - 4 = 0. Let n be i(y). List the prime factors of 4 + 13 - (n - 0).
2, 7
Let y(f) = f**3 - 2*f**2 - 4*f - 4. List the prime factors of y(4).
2, 3
Suppose -5*u = -5*f + 144 - 419, 0 = -4*f. List the prime factors of u.
5, 11
Let k(w) = 20*w + 51. What are the prime factors of k(14)?
331
List the prime factors of 263/6 - ((-116)/(-24) - 5).
2, 11
Let y = -144 - -209. List the prime factors of y.
5, 13
Suppose 0 = -0*i + 2*i - 10. Suppose i*u - 4*u = 32. What are the prime factors of u?
2
Let f(n) = -n + 1. Let w(b) = -b**2 - 5*b - 3. Let s be w(-3). Suppose -2*o + s*o = q + 2, o = -3. List the prime factors of f(q).
2, 3
Let p = 10 - 9. Let o(a) = 27*a**3 - a**2. List the prime factors of o(p).
2, 13
Suppose b + 3*v = 4*b - 18, 5*b + 5*v = 40. What are the prime factors of b?
7
Let y be (-16)/(-10) - (-6)/15. Let d be 8/2 + y/2. Suppose -d = 5*s - 40. List the prime factors of s.
7
Let o be (-2 - 1 - -4) + 21. Suppose -o = -3*l + 2*l. What are the prime factors of l?
2, 11
Let s = 19 - 42. Let w = 40 + s. List the prime factors of w.
17
Suppose 0 = 5*w + 4*i - 638, -12 = 4*w + 2*i - 526. What are the prime factors of w?
2, 5, 13
Let j(c) = c + 1. Let z(b) = -b**2 - 6*b + 4. Let y be z(-5). Let m(n) = n**3 - 10*n**2 + 9*n + 7. Let p be m(y). List the prime factors of j(p).
2
Let o(u) = -u**2 + u - 3. Let c be o(5). Let b = -13 - c. List the prime factors of b.
2, 5
Let 